{"id":920,"date":"2021-06-19T13:26:52","date_gmt":"2021-06-19T16:26:52","guid":{"rendered":"http:\/\/www.biosete.com.br\/site\/?page_id=920"},"modified":"2023-10-25T17:40:47","modified_gmt":"2023-10-25T20:40:47","slug":"saude-mental","status":"publish","type":"page","link":"https:\/\/www.biosete.com.br\/site\/saude-mental\/","title":{"rendered":"SA\u00daDE MENTAL"},"content":{"rendered":"<p><section class=\"kc-elm kc-css-487974 kc_row\"><div class=\"kc-row-container  kc-container\"><div class=\"kc-wrap-columns\"><div class=\"kc-elm kc-css-427466 kc_col-sm-12 kc_column kc_col-sm-12\"><div class=\"kc-col-container\"><div class=\"kc-elm kc-css-549684\" style=\"height: 20px; clear: both; width:100%;\"><\/div>\n<div class=\"kc-elm kc-css-94628 kc-title-wrap \">\n\n\t<h3 class=\"kc_title\">SA\u00daDE MENTAL<\/h3>\n<\/div>\n<div class=\"kc-elm kc-css-373263\" style=\"height: 20px; clear: both; width:100%;\"><\/div><\/div><\/div><\/div><\/div><\/section><section class=\"kc-elm kc-css-583057 kc_row\"><div class=\"kc-row-container  kc-container\"><div class=\"kc-wrap-columns\"><div class=\"kc-elm kc-css-46143 kc_col-sm-1 kc_column kc_col-sm-1\"><div class=\"kc-col-container\"><div class=\"kc-elm kc-css-637200\" style=\"height: 20px; clear: both; width:100%;\"><\/div><\/div><\/div><div class=\"kc-elm kc-css-229952 kc_col-sm-5 kc_column kc_col-sm-5\"><div class=\"kc-col-container\"><div class=\"kc-elm kc-css-282010 kc_shortcode kc_single_image\">\n\n        <img decoding=\"async\" src=\"https:\/\/www.biosete.com.br\/site\/wp-content\/uploads\/2021\/06\/relaxed-woman-enjoying-sea-e1624121672428.jpg\" class=\"\" alt=\"\" \/>    <\/div>\n<div class=\"kc-elm kc-css-386316\" style=\"height: 20px; clear: both; width:100%;\"><\/div><\/div><\/div><div class=\"kc-elm kc-css-210805 kc_col-sm-5 kc_column kc_col-sm-5\"><div class=\"kc-col-container\"><div class=\"kc-elm kc-css-206662 kc_text_block\"><\/p>\n<p>\n<span style=\"font-size: 16px;\">Aqui no Biosete, nosso foco principal \u00e9 o cuidado com a sa\u00fade do ser humano de forma integral, ou seja, como um todo, abrangendo todos os seus aspectos. Portanto, a pessoa n\u00e3o \u00e9 formada apenas de um corpo, mas tamb\u00e9m a mente faz parte deste complexo sistema.<\/span><\/p>\n<p><span style=\"font-size: 16px;\">\u00a0<\/span><\/p>\n<p><span style=\"font-size: 16px;\">O N\u00facleo de Sa\u00fade Mental do Instituto Biosete \u00e9 um espa\u00e7o dedicado a a\u00e7\u00f5es e atendimentos voltados \u00e0 promo\u00e7\u00e3o de sa\u00fade mental e melhoria da qualidade de vida.<\/span><\/p>\n<p>\n<\/div><div class=\"kc-elm kc-css-855527\" style=\"height: 20px; clear: both; width:100%;\"><\/div><\/div><\/div><div class=\"kc-elm kc-css-24944 kc_col-sm-1 kc_column kc_col-sm-1\"><div class=\"kc-col-container\"><div class=\"kc-elm kc-css-63953\" style=\"height: 20px; clear: both; width:100%;\"><\/div><\/div><\/div><\/div><\/div><\/section><section class=\"kc-elm kc-css-602777 kc_row\"><div class=\"kc-row-container  kc-container\"><div class=\"kc-wrap-columns\"><div class=\"kc-elm kc-css-360743 kc_col-sm-12 kc_column kc_col-sm-12\"><div class=\"kc-col-container\"><div class=\"kc-elm kc-css-629576\" style=\"height: 20px; clear: both; width:100%;\"><\/div>\n<div class=\"kc-elm kc-css-885740 kc-title-wrap \">\n\n\t<h3 class=\"kc_title\">SERVI\u00c7OS<\/h3>\n<\/div>\n<div class=\"kc-elm kc-css-228670\" style=\"height: 20px; clear: both; width:100%;\"><\/div><\/div><\/div><\/div><\/div><\/section><section class=\"kc-elm kc-css-390401 kc_row\"><div class=\"kc-row-container  kc-container\"><div class=\"kc-wrap-columns\"><div class=\"kc-elm kc-css-68874 kc_col-sm-2 kc_column kc_col-sm-2\"><div class=\"kc-col-container\"><div class=\"kc-elm kc-css-282949\" style=\"height: 20px; clear: both; width:100%;\"><\/div><\/div><\/div><div class=\"kc-elm kc-css-903628 kc_col-sm-2 kc_column kc_col-sm-2\"><div class=\"kc-col-container\"><div class=\"kc-elm kc-css-205808\" style=\"height: 20px; clear: both; width:100%;\"><\/div><\/div><\/div><div class=\"kc-elm kc-css-529818 kc_col-sm-2 kc_column kc_col-sm-2\"><div class=\"kc-col-container\"><div class=\"kc-elm kc-css-566263\" style=\"height: 20px; clear: both; width:100%;\"><\/div><div class=\"kc-elm kc-css-669395 kc_shortcode kc_single_image\">\n\n        <img decoding=\"async\" src=\"https:\/\/www.biosete.com.br\/site\/wp-content\/uploads\/2021\/06\/Clinicas_Arteterapeutas.png\" class=\"\" alt=\"\" \/>    <\/div>\n<\/div><\/div><div class=\"kc-elm kc-css-517553 kc_col-sm-3 kc_column kc_col-sm-3\"><div class=\"kc-col-container\"><div class=\"kc-elm kc-css-402783\" style=\"height: 20px; clear: both; width:100%;\"><\/div><div class=\"kc-elm kc-css-359702 kc_text_block\"><\/p>\n<h3><strong>ARTETERAPIA<\/strong><\/h3>\n<h5>Renata Sudr\u00e9<br \/>Tatiana de Oliveira<\/h5>\n<p><span style=\"font-size: 12px;\">Promo\u00e7\u00e3o da sa\u00fade mental, relaxamento e controle da ansiedade e stress atrav\u00e9s das express\u00f5es art\u00edsticas<\/span><\/p>\n<p>\n<\/div><\/div><\/div><div class=\"kc-elm kc-css-174336 kc_col-sm-1 kc_column kc_col-sm-1\"><div class=\"kc-col-container\"><div class=\"kc-elm kc-css-748326\" style=\"height: 20px; clear: both; width:100%;\"><\/div><\/div><\/div><div class=\"kc-elm kc-css-602914 kc_col-sm-2 kc_column kc_col-sm-2\"><div class=\"kc-col-container\"><div class=\"kc-elm kc-css-543324\" style=\"height: 20px; clear: both; width:100%;\"><\/div><\/div><\/div><\/div><\/div><\/section><section class=\"kc-elm kc-css-117608 kc_row\"><div class=\"kc-row-container  kc-container\"><div class=\"kc-wrap-columns\"><div class=\"kc-elm kc-css-718977 kc_col-sm-12 kc_column kc_col-sm-12\"><div class=\"kc-col-container\"><div class=\"kc-elm kc-css-777475\" style=\"height: 20px; clear: both; width:100%;\"><\/div><div class=\"kc-elm kc-css-721511 kc-icon-wrapper\">\n\t\t<a href=\"http:\/\/www.biosete.com.br\/site\/biosete-clinicas\/\" target=\"_self\" title=\"\">\n\t\t<i class=\"fa-chevron-circle-left\"><\/i>\n\t\t<\/a>\n\t<\/div>\n<div class=\"kc-elm kc-css-854286\" style=\"height: 20px; clear: both; width:100%;\"><\/div><\/div><\/div><\/div><\/div><\/section><\/p>\n","protected":false},"excerpt":{"rendered":"","protected":false},"author":1,"featured_media":0,"parent":0,"menu_order":0,"comment_status":"closed","ping_status":"closed","template":"","meta":{"two_page_speed":[],"footnotes":""},"class_list":["post-920","page","type-page","status-publish","hentry"],"_links":{"self":[{"href":"https:\/\/www.biosete.com.br\/site\/wp-json\/wp\/v2\/pages\/920"}],"collection":[{"href":"https:\/\/www.biosete.com.br\/site\/wp-json\/wp\/v2\/pages"}],"about":[{"href":"https:\/\/www.biosete.com.br\/site\/wp-json\/wp\/v2\/types\/page"}],"author":[{"embeddable":true,"href":"https:\/\/www.biosete.com.br\/site\/wp-json\/wp\/v2\/users\/1"}],"replies":[{"embeddable":true,"href":"https:\/\/www.biosete.com.br\/site\/wp-json\/wp\/v2\/comments?post=920"}],"version-history":[{"count":35,"href":"https:\/\/www.biosete.com.br\/site\/wp-json\/wp\/v2\/pages\/920\/revisions"}],"predecessor-version":[{"id":1365,"href":"https:\/\/www.biosete.com.br\/site\/wp-json\/wp\/v2\/pages\/920\/revisions\/1365"}],"wp:attachment":[{"href":"https:\/\/www.biosete.com.br\/site\/wp-json\/wp\/v2\/media?parent=920"}],"curies":[{"name":"wp","href":"https:\/\/api.w.org\/{rel}","templated":true}]}}