{"id":9,"date":"2018-10-02T10:17:44","date_gmt":"2018-10-02T13:17:44","guid":{"rendered":"http:\/\/www.biosete.com.br\/site\/?page_id=9"},"modified":"2025-05-26T10:22:28","modified_gmt":"2025-05-26T13:22:28","slug":"home","status":"publish","type":"page","link":"https:\/\/www.biosete.com.br\/site\/","title":{"rendered":"In\u00edcio"},"content":{"rendered":"<p><section data-kc-fullwidth=\"content\" class=\"kc-elm kc-css-319967 kc_row\"><div class=\"kc-row-container\"><div class=\"kc-wrap-columns\"><div class=\"kc-elm kc-css-589102 kc_col-sm-1 kc_column kc_col-sm-1\"><div class=\"kc-col-container\"><\/div><\/div><div class=\"kc-elm kc-css-223714 kc_col-sm-9 kc_column kc_col-sm-9\"><div class=\"kc-col-container\">\n\t<div class=\"kc-elm kc-css-308465 kc_shortcode kc_video_play kc_video_wrapper\" data-video=\"https:\/\/youtu.be\/xv3UUafs19c\" data-width=\"800\" data-height=\"451.97740113\" data-fullwidth=\"\" data-autoplay=\"yes\" data-loop=\"yes\" data-control=\"\" data-related=\"\" data-showinfo=\"\" data-kc-video-mute=\"\">\n\t\t\t<\/div>\n\n<\/div><\/div><div class=\"kc-elm kc-css-860545 kc_col-sm-1 kc_column kc_col-sm-1\"><div class=\"kc-col-container\"><\/div><\/div><\/div><\/div><\/section><section data-kc-fullwidth=\"row\" class=\"kc-elm kc-css-577 kc_row\"><div class=\"kc-row-container  kc-container\"><div class=\"kc-wrap-columns\"><div class=\"kc-elm kc-css-511228 kc_col-sm-12 kc_column kc_col-sm-12\"><div class=\"kc-col-container\"><\/div><\/div><\/div><\/div><\/section><section data-kc-fullwidth=\"row\" class=\"kc-elm kc-css-858292 kc_row\"><div class=\"kc-row-container  kc-container\"><div class=\"kc-wrap-columns\"><div class=\"kc-elm kc-css-103752 kc_col-of-5 kc_column kc_col-of-5\"><div class=\"kc-col-container\"><\/div><\/div><div class=\"kc-elm kc-css-672280 kc_col-sm-7 kc_column kc_col-sm-7\"><div class=\"kc-col-container\"><div class=\"kc-elm kc-css-564383\" style=\"height: 20px; clear: both; width:100%;\"><\/div><div class=\"kc-elm kc-css-830256 kc_text_block\"><\/p>\n<p>A sa\u00fade de forma completa, bem perto de voc\u00ea! O INSTITUTO BIOSETE \u00e9 um espa\u00e7o moderno, preparado para oferecer a sua fam\u00edlia um cuidado pleno, da preven\u00e7\u00e3o ao tratamento. Nosso time de especialistas possui a qualifica\u00e7\u00e3o para realizar um atendimento de excel\u00eancia, que atenda cada necessidade de uma maneira muito especial.<\/p>\n<p>Atrav\u00e9s da nossa estrutura impec\u00e1vel e uma equipe de ponta, proporcionamos uma experi\u00eancia incompar\u00e1vel. Isto s\u00f3 \u00e9 poss\u00edvel pois priorizamos o investimento constante na otimiza\u00e7\u00e3o do desempenho dos servi\u00e7os oferecidos, equipamentos de \u00faltima gera\u00e7\u00e3o, infraestrutura e no relacionamento com voc\u00ea.<\/p>\n<p>\n<\/div><div class=\"kc-elm kc-css-24263\" style=\"height: 30px; clear: both; width:100%;\"><\/div><\/div><\/div><div class=\"kc-elm kc-css-727510 kc_col-of-5 kc_column kc_col-of-5\"><div class=\"kc-col-container\"><\/div><\/div><\/div><\/div><\/section><section data-kc-fullwidth=\"row\" class=\"kc-elm kc-css-728094 kc_row\"><div class=\"kc-row-container  kc-container\"><div class=\"kc-wrap-columns\"><div class=\"kc-elm kc-css-16213 kc_col-sm-4 kc_column kc_col-sm-4\"><div class=\"kc-col-container\"><\/div><\/div><div class=\"kc-elm kc-css-261680 kc_col-sm-5 kc_column kc_col-sm-5\"><div class=\"kc-col-container\">\n<div class=\"kc-elm kc-css-354735 kc-pro-button kc-button-main\">\n\t<a href=\"https:\/\/goo.gl\/maps\/wz5Q6hKKcWWrFWNb9\" target=\"_blank\">\n\t\t<span class=\"creative_title\">FA\u00c7A UM TOUR 360\u00b0<\/span> <span class=\"creative_icon creative_icon_right\"> <i class=\"fa-street-view\"><\/i> <\/span>\t<\/a>\n<\/div>\n<div class=\"kc-elm kc-css-550427\" style=\"height: 20px; clear: both; width:100%;\"><\/div><div class=\"kc-elm kc-css-759631\" style=\"height: 20px; clear: both; width:100%;\"><\/div><\/div><\/div><div class=\"kc-elm kc-css-641227 kc_col-sm-4 kc_column kc_col-sm-4\"><div class=\"kc-col-container\"><\/div><\/div><\/div><\/div><\/section><section class=\"kc-elm kc-css-243859 kc_row\"><div class=\"kc-row-container  kc-container\"><div class=\"kc-wrap-columns\"><div class=\"kc-elm kc-css-165740 kc_col-of-5 kc_column kc_col-of-5\"><div class=\"kc-col-container\"><div class=\"kc-elm kc-css-189227\" style=\"height: 20px; clear: both; width:100%;\"><\/div><div class=\"kc-elm kc-css-795894 kc_shortcode kc_single_image\">\n\n        <img decoding=\"async\" src=\"https:\/\/www.biosete.com.br\/site\/wp-content\/uploads\/2018\/12\/bt_fisio_branco-156x48xc.png\" class=\"\" alt=\"\" \/>    <\/div>\n<div class=\"kc-elm kc-css-621370\" style=\"height: 20px; clear: both; width:100%;\"><\/div>\n<div class=\"kc-elm kc-css-229403\">\n\t<a class=\"kc_button\" href=\"http:\/\/www.biosete.com.br\/site\/fisio\/\" target=\"_self\" title=\"\" onclick=\"\">\n\t\tSAIBA MAIS\t<\/a>\n<\/div>\n<\/div><\/div><div class=\"kc-elm kc-css-618942 kc_col-of-5 kc_column kc_col-of-5\"><div class=\"kc-col-container\"><div class=\"kc-elm kc-css-826129\" style=\"height: 20px; clear: both; width:100%;\"><\/div><div class=\"kc-elm kc-css-590249 kc_shortcode kc_single_image\">\n\n        <img decoding=\"async\" src=\"https:\/\/www.biosete.com.br\/site\/wp-content\/uploads\/2018\/12\/bt_neuro_banco-156x48xc.png\" class=\"\" alt=\"\" \/>    <\/div>\n<div class=\"kc-elm kc-css-893733\" style=\"height: 20px; clear: both; width:100%;\"><\/div>\n<div class=\"kc-elm kc-css-526528\">\n\t<a class=\"kc_button\" href=\"http:\/\/www.biosete.com.br\/site\/neuro\/\" target=\"_self\" title=\"\" onclick=\"\">\n\t\tSAIBA MAIS\t<\/a>\n<\/div>\n<\/div><\/div><div class=\"kc-elm kc-css-153584 kc_col-of-5 kc_column kc_col-of-5\"><div class=\"kc-col-container\"><div class=\"kc-elm kc-css-594934\" style=\"height: 20px; clear: both; width:100%;\"><\/div><div class=\"kc-elm kc-css-11447 kc_shortcode kc_single_image\">\n\n        <img decoding=\"async\" src=\"https:\/\/www.biosete.com.br\/site\/wp-content\/uploads\/2018\/12\/bt_fit_branco-156x48xc.png\" class=\"\" alt=\"\" \/>    <\/div>\n<div class=\"kc-elm kc-css-959200\" style=\"height: 20px; clear: both; width:100%;\"><\/div>\n<div class=\"kc-elm kc-css-890830\">\n\t<a class=\"kc_button\" href=\"http:\/\/www.biosete.com.br\/site\/fit\/\" target=\"_self\" title=\"\" onclick=\"\">\n\t\tSAIBA MAIS\t<\/a>\n<\/div>\n<\/div><\/div><div class=\"kc-elm kc-css-494406 kc_col-of-5 kc_column kc_col-of-5\"><div class=\"kc-col-container\"><div class=\"kc-elm kc-css-492\" style=\"height: 20px; clear: both; width:100%;\"><\/div><div class=\"kc-elm kc-css-180488 kc_shortcode kc_single_image\">\n\n        <img decoding=\"async\" src=\"https:\/\/www.biosete.com.br\/site\/wp-content\/uploads\/2021\/03\/BIOSETE_Logotipo_Cl\u00ednicas_Home-156x48xc.png\" class=\"\" alt=\"\" \/>    <\/div>\n<div class=\"kc-elm kc-css-987195\" style=\"height: 20px; clear: both; width:100%;\"><\/div>\n<div class=\"kc-elm kc-css-504051\">\n\t<a class=\"kc_button\" href=\"http:\/\/www.biosete.com.br\/site\/biosete-clinicas\/\" target=\"_self\" title=\"\" onclick=\"\">\n\t\tSAIBA MAIS\t<\/a>\n<\/div>\n<\/div><\/div><div class=\"kc-elm kc-css-147409 kc_col-of-5 kc_column kc_col-of-5\"><div class=\"kc-col-container\"><div class=\"kc-elm kc-css-210289\" style=\"height: 20px; clear: both; width:100%;\"><\/div><div class=\"kc-elm kc-css-393398 kc_shortcode kc_single_image\">\n\n        <img decoding=\"async\" src=\"https:\/\/www.biosete.com.br\/site\/wp-content\/uploads\/2018\/12\/bt_acqua_branco-156x48xc.png\" class=\"\" alt=\"\" \/>    <\/div>\n<div class=\"kc-elm kc-css-947113\" style=\"height: 20px; clear: both; width:100%;\"><\/div>\n<div class=\"kc-elm kc-css-686277\">\n\t<a class=\"kc_button\" href=\"http:\/\/www.biosete.com.br\/site\/aqua-2\/\" target=\"_self\" title=\"\" onclick=\"\">\n\t\tSAIBA MAIS\t<\/a>\n<\/div>\n<\/div><\/div><\/div><\/div><\/section><section data-kc-fullwidth=\"row\" class=\"kc-elm kc-css-883372 kc_row\"><div class=\"kc-row-container  kc-container\"><div class=\"kc-wrap-columns\"><div class=\"kc-elm kc-css-761480 kc_col-sm-12 kc_column kc_col-sm-12\"><div class=\"kc-col-container\"><div class=\"kc-elm kc-css-423570\" style=\"height: 20px; clear: both; width:100%;\"><\/div><\/div><\/div><\/div><\/div><\/section><section data-kc-fullwidth=\"row\" class=\"kc-elm kc-css-768777 kc_row\"><div class=\"kc-row-container  kc-container\"><div class=\"kc-wrap-columns\"><div class=\"kc-elm kc-css-995573 kc_col-sm-4 kc_column kc_col-sm-4\"><div class=\"kc-col-container\"><\/div><\/div><div class=\"kc-elm kc-css-566375 kc_col-sm-4 kc_column kc_col-sm-4\"><div class=\"kc-col-container\"><div class=\"kc-elm kc-css-487346\" style=\"height: 20px; clear: both; width:100%;\"><\/div><\/div><\/div><div class=\"kc-elm kc-css-514736 kc_col-sm-4 kc_column kc_col-sm-4\"><div class=\"kc-col-container\"><\/div><\/div><\/div><\/div><\/section><section data-kc-fullwidth=\"row\" class=\"kc-elm kc-css-568425 kc_row\"><div class=\"kc-row-container  kc-container\"><div class=\"kc-wrap-columns\"><div class=\"kc-elm kc-css-363197 kc_col-of-5 kc_column kc_col-of-5\"><div class=\"kc-col-container\"><\/div><\/div><div class=\"kc-elm kc-css-64656 kc_col-sm-7 kc_column kc_col-sm-7\"><div class=\"kc-col-container\">\n<div class=\"kc-elm kc-css-368326 kc-title-wrap \">\n\n\t<h3 class=\"kc_title\">Receba nossas novidades em seu e-mail<\/h3>\n<\/div>\n<div class=\"kc-contact-form7 kc-elm kc-css-969483\">\n<div class=\"wpcf7 no-js\" id=\"wpcf7-f112-o1\" lang=\"pt-BR\" dir=\"ltr\" data-wpcf7-id=\"112\">\n<div class=\"screen-reader-response\"><p role=\"status\" aria-live=\"polite\" aria-atomic=\"true\"><\/p> <ul><\/ul><\/div>\n<form action=\"\/site\/wp-json\/wp\/v2\/pages\/9#wpcf7-f112-o1\" method=\"post\" class=\"wpcf7-form init\" aria-label=\"Formul\u00e1rios de contato\" novalidate=\"novalidate\" data-status=\"init\">\n<div style=\"display: none;\">\n<input type=\"hidden\" name=\"_wpcf7\" value=\"112\" \/>\n<input type=\"hidden\" name=\"_wpcf7_version\" value=\"6.0.6\" \/>\n<input type=\"hidden\" name=\"_wpcf7_locale\" value=\"pt_BR\" \/>\n<input type=\"hidden\" name=\"_wpcf7_unit_tag\" value=\"wpcf7-f112-o1\" \/>\n<input type=\"hidden\" name=\"_wpcf7_container_post\" value=\"0\" \/>\n<input type=\"hidden\" name=\"_wpcf7_posted_data_hash\" value=\"\" \/>\n<\/div>\n<p><label><span class=\"wpcf7-form-control-wrap\" data-name=\"email\"><input size=\"40\" maxlength=\"400\" class=\"wpcf7-form-control wpcf7-email wpcf7-validates-as-required wpcf7-text wpcf7-validates-as-email\" aria-required=\"true\" aria-invalid=\"false\" placeholder=\"DIGITE AQUI SEU E-MAIL\" value=\"\" type=\"email\" name=\"email\" \/><\/span> <\/label><br \/>\n<input class=\"wpcf7-form-control wpcf7-submit has-spinner\" type=\"submit\" value=\"Enviar\" \/>\n<\/p><p style=\"display: none !important;\" class=\"akismet-fields-container\" data-prefix=\"_wpcf7_ak_\"><label>&#916;<textarea name=\"_wpcf7_ak_hp_textarea\" cols=\"45\" rows=\"8\" maxlength=\"100\"><\/textarea><\/label><input type=\"hidden\" id=\"ak_js_1\" name=\"_wpcf7_ak_js\" value=\"225\"\/><script>document.getElementById( \"ak_js_1\" ).setAttribute( \"value\", ( new Date() ).getTime() );<\/script><\/p><div class=\"wpcf7-response-output\" aria-hidden=\"true\"><\/div>\n<\/form>\n<\/div>\n<\/div><div class=\"kc-elm kc-css-516231\" style=\"height: 20px; clear: both; width:100%;\"><\/div><\/div><\/div><div class=\"kc-elm kc-css-742777 kc_col-of-5 kc_column kc_col-of-5\"><div class=\"kc-col-container\"><\/div><\/div><\/div><\/div><\/section><section data-kc-fullwidth=\"row\" class=\"kc-elm kc-css-955586 kc_row\"><div class=\"kc-row-container  kc-container\"><div class=\"kc-wrap-columns\"><div class=\"kc-elm kc-css-111262 kc_col-sm-12 kc_column kc_col-sm-12\"><div class=\"kc-col-container\"><div class=\"kc-elm kc-css-492791\" style=\"height: 20px; clear: both; width:100%;\"><\/div><\/div><\/div><\/div><\/div><\/section><section data-kc-fullwidth=\"row\" class=\"kc-elm kc-css-218834 kc_row\"><div class=\"kc-row-container  kc-container\"><div class=\"kc-wrap-columns\"><div class=\"kc-elm kc-css-461645 kc_col-sm-12 kc_column kc_col-sm-12\"><div class=\"kc-col-container\">\n<div class=\"kc-elm kc-css-24026 kc-blog-posts kc-blog-posts-3 kc-blog-grid kc_blog_masonry kc-image-align-both\">\n\t\n\t\t\n\t\t\t\t<div class=\"post-grid grid-3\">\n\t\t\t\t\t<div class=\"kc-list-item-3\">\n\t\t\t\t\t\t\t\t\t\t\t\t\t<a href=\"https:\/\/www.biosete.com.br\/site\/2023\/10\/25\/a-importancia-da-reposicao-hormonal-para-a-menopausa\/\" class=\"entry-thumb-link\">\n\t\t\t\t\t\t\t\t<div class=\"entry-thumb-wrapper\">\n\t\t\t\t\t\t\t\t\t<img decoding=\"async\" src=\"https:\/\/www.biosete.com.br\/site\/wp-content\/uploads\/2023\/10\/Menopausa.jpg\"\n\t\t\t\t\t\t\t\t\t     alt=\"A import\u00e2ncia da reposi\u00e7\u00e3o hormonal para a menopausa\"\/>\n\t\t\t\t\t\t\t\t\t<div class=\"entry-thumb-overlay\"><\/div>\n\t\t\t\t\t\t\t\t<\/div>\n\t\t\t\t\t\t\t<\/a>\n\t\t\t\t\t\t\t\t\t\t\t\t<div class=\"content\">\n\t\t\t\t\t\t\t<h2 class=\"post-title-alt\"><a\n\t\t\t\t\t\t\t\thref=\"https:\/\/www.biosete.com.br\/site\/2023\/10\/25\/a-importancia-da-reposicao-hormonal-para-a-menopausa\/\">A import\u00e2ncia da reposi\u00e7\u00e3o hormonal para a menopausa<\/a>\n\t\t\t\t\t\t\t<\/h2>\n\t\t\t\t\t\t\t\t\t\t\t\t\t\t\t<div class=\"entry-meta\">\n\t\t\t\t\t\t\t\t\t\t\t\t\t\t\t\t\t\t\t\t\t\t\t\t\t\t\t\t\t\t\t\t\t\t\t\t\t\t\t\t\t\t\t\t\t\t\t\t<span class=\"entry-cats\"><a href=\"https:\/\/www.biosete.com.br\/site\/category\/clinica\/\" rel=\"category tag\">Cl\u00ednica<\/a>, <a href=\"https:\/\/www.biosete.com.br\/site\/category\/nutrologia\/\" rel=\"category tag\">Nutrologia<\/a>, <a href=\"https:\/\/www.biosete.com.br\/site\/category\/saude\/\" rel=\"category tag\">Sa\u00fade<\/a><\/span>\n\t\t\t\t\t\t\t\t\t\t\t\t\t\t\t\t\t\t\t\t\t\t\t\t\t\t\t<\/div>\n\t\t\t\t\t\t\t\t\t\t\t\t\t\t\t\t\t\t\t\t\t\t<div class=\"entry-excerpt\">\n\t\t\t\t\t\t\t\t\t<p>Dr. Hugo C\u00f4rtes, Nutr\u00f3logo do Instituto Biosete Muitas mulheres ainda tem d\u00favidas sobre o que \u00e9 a Menopausa e sua&hellip;<\/p>\n\t\t\t\t\t\t\t\t<\/div>\n\t\t\t\t\t\t\t\t\t\t\t\t\t<\/div>\n\t\t\t\t\t<\/div>\n\t\t\t\t<\/div>\n\n\t\t\t\t\n\t\t\t\t<div class=\"post-grid grid-3\">\n\t\t\t\t\t<div class=\"kc-list-item-3\">\n\t\t\t\t\t\t\t\t\t\t\t\t\t<a href=\"https:\/\/www.biosete.com.br\/site\/2023\/07\/21\/a-transformacao-tecnologica-na-area-da-saude\/\" class=\"entry-thumb-link\">\n\t\t\t\t\t\t\t\t<div class=\"entry-thumb-wrapper\">\n\t\t\t\t\t\t\t\t\t<img decoding=\"async\" src=\"https:\/\/www.biosete.com.br\/site\/wp-content\/uploads\/2023\/07\/tecnologia-na-medicina.jpg\"\n\t\t\t\t\t\t\t\t\t     alt=\"A Transforma\u00e7\u00e3o Tecnol\u00f3gica na \u00c1rea da Sa\u00fade\"\/>\n\t\t\t\t\t\t\t\t\t<div class=\"entry-thumb-overlay\"><\/div>\n\t\t\t\t\t\t\t\t<\/div>\n\t\t\t\t\t\t\t<\/a>\n\t\t\t\t\t\t\t\t\t\t\t\t<div class=\"content\">\n\t\t\t\t\t\t\t<h2 class=\"post-title-alt\"><a\n\t\t\t\t\t\t\t\thref=\"https:\/\/www.biosete.com.br\/site\/2023\/07\/21\/a-transformacao-tecnologica-na-area-da-saude\/\">A Transforma\u00e7\u00e3o Tecnol\u00f3gica na \u00c1rea da Sa\u00fade<\/a>\n\t\t\t\t\t\t\t<\/h2>\n\t\t\t\t\t\t\t\t\t\t\t\t\t\t\t<div class=\"entry-meta\">\n\t\t\t\t\t\t\t\t\t\t\t\t\t\t\t\t\t\t\t\t\t\t\t\t\t\t\t\t\t\t\t\t\t\t\t\t\t\t\t\t\t\t\t\t\t\t\t\t<span class=\"entry-cats\"><a href=\"https:\/\/www.biosete.com.br\/site\/category\/saude\/\" rel=\"category tag\">Sa\u00fade<\/a><\/span>\n\t\t\t\t\t\t\t\t\t\t\t\t\t\t\t\t\t\t\t\t\t\t\t\t\t\t\t<\/div>\n\t\t\t\t\t\t\t\t\t\t\t\t\t\t\t\t\t\t\t\t\t\t<div class=\"entry-excerpt\">\n\t\t\t\t\t\t\t\t\t<p>A tecnologia tem desempenhado um papel cada vez mais importante na \u00e1rea da sa\u00fade, impulsionando avan\u00e7os e melhorando a vida&hellip;<\/p>\n\t\t\t\t\t\t\t\t<\/div>\n\t\t\t\t\t\t\t\t\t\t\t\t\t<\/div>\n\t\t\t\t\t<\/div>\n\t\t\t\t<\/div>\n\n\t\t\t\t\n\t\t\t\t<div class=\"post-grid grid-3\">\n\t\t\t\t\t<div class=\"kc-list-item-3\">\n\t\t\t\t\t\t\t\t\t\t\t\t\t<a href=\"https:\/\/www.biosete.com.br\/site\/2023\/05\/26\/exobots-a-tecnologia-como-aliada-no-tratamento-pos-avc\/\" class=\"entry-thumb-link\">\n\t\t\t\t\t\t\t\t<div class=\"entry-thumb-wrapper\">\n\t\t\t\t\t\t\t\t\t<img decoding=\"async\" src=\"https:\/\/www.biosete.com.br\/site\/wp-content\/uploads\/2023\/05\/neurobots_exobots.png\"\n\t\t\t\t\t\t\t\t\t     alt=\"EXOBOTS: A TECNOLOGIA COMO ALIADA NO TRATAMENTO P\u00d3S AVC\"\/>\n\t\t\t\t\t\t\t\t\t<div class=\"entry-thumb-overlay\"><\/div>\n\t\t\t\t\t\t\t\t<\/div>\n\t\t\t\t\t\t\t<\/a>\n\t\t\t\t\t\t\t\t\t\t\t\t<div class=\"content\">\n\t\t\t\t\t\t\t<h2 class=\"post-title-alt\"><a\n\t\t\t\t\t\t\t\thref=\"https:\/\/www.biosete.com.br\/site\/2023\/05\/26\/exobots-a-tecnologia-como-aliada-no-tratamento-pos-avc\/\">EXOBOTS: A TECNOLOGIA COMO ALIADA NO TRATAMENTO P\u00d3S AVC<\/a>\n\t\t\t\t\t\t\t<\/h2>\n\t\t\t\t\t\t\t\t\t\t\t\t\t\t\t<div class=\"entry-meta\">\n\t\t\t\t\t\t\t\t\t\t\t\t\t\t\t\t\t\t\t\t\t\t\t\t\t\t\t\t\t\t\t\t\t\t\t\t\t\t\t\t\t\t\t\t\t\t\t\t<span class=\"entry-cats\"><a href=\"https:\/\/www.biosete.com.br\/site\/category\/fisio\/\" rel=\"category tag\">Fisio<\/a>, <a href=\"https:\/\/www.biosete.com.br\/site\/category\/neurologia\/\" rel=\"category tag\">Neurologia<\/a>, <a href=\"https:\/\/www.biosete.com.br\/site\/category\/terapeutica\/\" rel=\"category tag\">Terap\u00eautica<\/a><\/span>\n\t\t\t\t\t\t\t\t\t\t\t\t\t\t\t\t\t\t\t\t\t\t\t\t\t\t\t<\/div>\n\t\t\t\t\t\t\t\t\t\t\t\t\t\t\t\t\t\t\t\t\t\t<div class=\"entry-excerpt\">\n\t\t\t\t\t\t\t\t\t<p>O acidente vascular cerebral (AVC) \u00e9 uma das principais causas de morte e incapacidade em todo o mundo. \u00c9 uma&hellip;<\/p>\n\t\t\t\t\t\t\t\t<\/div>\n\t\t\t\t\t\t\t\t\t\t\t\t\t<\/div>\n\t\t\t\t\t<\/div>\n\t\t\t\t<\/div>\n\n\t\t\t\t\n\t\t\t\t<div class=\"post-grid grid-3\">\n\t\t\t\t\t<div class=\"kc-list-item-3\">\n\t\t\t\t\t\t\t\t\t\t\t\t\t<a href=\"https:\/\/www.biosete.com.br\/site\/2023\/05\/26\/diabetes-mellitus-o-que-e-sintomas-e-complicacoes\/\" class=\"entry-thumb-link\">\n\t\t\t\t\t\t\t\t<div class=\"entry-thumb-wrapper\">\n\t\t\t\t\t\t\t\t\t<img decoding=\"async\" src=\"https:\/\/www.biosete.com.br\/site\/wp-content\/uploads\/2023\/05\/diabetes.png\"\n\t\t\t\t\t\t\t\t\t     alt=\"Diabetes Mellitus: o que \u00e9, sintomas e complica\u00e7\u00f5es\"\/>\n\t\t\t\t\t\t\t\t\t<div class=\"entry-thumb-overlay\"><\/div>\n\t\t\t\t\t\t\t\t<\/div>\n\t\t\t\t\t\t\t<\/a>\n\t\t\t\t\t\t\t\t\t\t\t\t<div class=\"content\">\n\t\t\t\t\t\t\t<h2 class=\"post-title-alt\"><a\n\t\t\t\t\t\t\t\thref=\"https:\/\/www.biosete.com.br\/site\/2023\/05\/26\/diabetes-mellitus-o-que-e-sintomas-e-complicacoes\/\">Diabetes Mellitus: o que \u00e9, sintomas e complica\u00e7\u00f5es<\/a>\n\t\t\t\t\t\t\t<\/h2>\n\t\t\t\t\t\t\t\t\t\t\t\t\t\t\t<div class=\"entry-meta\">\n\t\t\t\t\t\t\t\t\t\t\t\t\t\t\t\t\t\t\t\t\t\t\t\t\t\t\t\t\t\t\t\t\t\t\t\t\t\t\t\t\t\t\t\t\t\t\t\t<span class=\"entry-cats\"><a href=\"https:\/\/www.biosete.com.br\/site\/category\/clinica\/\" rel=\"category tag\">Cl\u00ednica<\/a>, <a href=\"https:\/\/www.biosete.com.br\/site\/category\/endocrinologista\/\" rel=\"category tag\">Endocrinologista<\/a>, <a href=\"https:\/\/www.biosete.com.br\/site\/category\/nutricao\/\" rel=\"category tag\">Nutri\u00e7\u00e3o<\/a><\/span>\n\t\t\t\t\t\t\t\t\t\t\t\t\t\t\t\t\t\t\t\t\t\t\t\t\t\t\t<\/div>\n\t\t\t\t\t\t\t\t\t\t\t\t\t\t\t\t\t\t\t\t\t\t<div class=\"entry-excerpt\">\n\t\t\t\t\t\t\t\t\t<p>A diabetes mellitus \u00e9 uma doen\u00e7a cr\u00f4nica que afeta milh\u00f5es de pessoas no Brasil e no mundo. Caracterizada pela eleva\u00e7\u00e3o&hellip;<\/p>\n\t\t\t\t\t\t\t\t<\/div>\n\t\t\t\t\t\t\t\t\t\t\t\t\t<\/div>\n\t\t\t\t\t<\/div>\n\t\t\t\t<\/div>\n\n\t\t\t\t\n\t\n<\/div>\n<\/div><\/div><\/div><\/div><\/section><section class=\"kc-elm kc-css-27685 kc_row\"><div class=\"kc-row-container  kc-container\"><div class=\"kc-wrap-columns\"><div class=\"kc-elm kc-css-872782 kc_col-sm-4 kc_column kc_col-sm-4\"><div class=\"kc-col-container\"><\/div><\/div><div class=\"kc-elm kc-css-407190 kc_col-sm-4 kc_column kc_col-sm-4\"><div class=\"kc-col-container\">\n<div class=\"kc-elm kc-css-909120 kc-title-wrap \">\n\n\t<h3 class=\"kc_title\">LOCALIZA\u00c7\u00c3O<\/h3>\n<\/div>\n<\/div><\/div><div class=\"kc-elm kc-css-290888 kc_col-sm-4 kc_column kc_col-sm-4\"><div class=\"kc-col-container\"><\/div><\/div><\/div><\/div><\/section><section class=\"kc-elm kc-css-863287 kc_row\"><div class=\"kc-row-container  kc-container\"><div class=\"kc-wrap-columns\"><div class=\"kc-elm kc-css-40106 kc_col-sm-4 kc_column kc_col-sm-4\"><div class=\"kc-col-container\"><\/div><\/div><div class=\"kc-elm kc-css-467886 kc_col-sm-4 kc_column kc_col-sm-4\"><div class=\"kc-col-container\">\n<div class=\"kc-elm kc-css-872511 kc-pro-button kc-button-main\">\n\t<a href=\"https:\/\/goo.gl\/maps\/iKZ95mfoePB2\">\n\t\t<span class=\"creative_title\">COMO CHEGAR<\/span> <span class=\"creative_icon creative_icon_right\"> <i class=\"fa-map-marker\"><\/i> <\/span>\t<\/a>\n<\/div>\n<div class=\"kc-elm kc-css-622500\" style=\"height: 20px; clear: both; width:100%;\"><\/div><\/div><\/div><div class=\"kc-elm kc-css-647226 kc_col-sm-4 kc_column kc_col-sm-4\"><div class=\"kc-col-container\"><\/div><\/div><\/div><\/div><\/section><section class=\"kc-elm kc-css-808421 kc_row\"><div class=\"kc-row-container  kc-container\"><div class=\"kc-wrap-columns\"><div class=\"kc-elm kc-css-523385 kc_col-sm-6 kc_column kc_col-sm-6\"><div class=\"kc-col-container\"><\/div><\/div><div class=\"kc-elm kc-css-483836 kc_col-sm-6 kc_column kc_col-sm-6\"><div class=\"kc-col-container\"><\/div><\/div><\/div><\/div><\/section><section data-kc-fullwidth=\"content\" class=\"kc-elm kc-css-100224 kc_row\"><div class=\"kc-row-container\"><div class=\"kc-wrap-columns\"><div class=\"kc-elm kc-css-319073 kc_col-sm-12 kc_column kc_col-sm-12\"><div class=\"kc-col-container\"><div class=\"kc-elm kc-css-525678 kc_google_maps kc_shortcode\"><div style=\"height: 450px\" class=\"kc-google-maps\"><iframe loading=\"lazy\" src=\"https:\/\/www.google.com\/maps\/embed?pb=!1m18!1m12!1m3!1d3742.3171028497973!2d-40.295793785079645!3d-20.287137586404768!2m3!1f0!2f0!3f0!3m2!1i1024!2i768!4f13.1!3m3!1m2!1s0xb817f6a060af69%3A0x5b18658d4f072b6b!2sR.+Dr.+Cyro+Lopes+Pereira%2C+362+-+Jardim+da+Penha%2C+Vit%C3%B3ria+-+ES%2C+29060-020!5e0!3m2!1spt-BR!2sbr!4v1538997255892\" width=\"100%\" height=\"450\" frameborder=\"0\" style=\"border:0\" allowfullscreen><\/iframe><\/div><\/div><\/div><\/div><\/div><\/div><\/section><\/p>\n","protected":false},"excerpt":{"rendered":"","protected":false},"author":1,"featured_media":0,"parent":0,"menu_order":0,"comment_status":"closed","ping_status":"closed","template":"","meta":{"two_page_speed":{"previous_score":{"desktop_score":33,"desktop_tti":"12.5\u00a0","mobile_score":8,"mobile_tti":"40.0\u00a0","date":"26.01.2024 06:21:04 pm","status":"completed"},"current_score":{"desktop_score":96,"desktop_tti":"0.7\u00a0","mobile_score":90,"mobile_tti":"2.1\u00a0","date":"26.05.2025 10:23:08 am","status":"completed"}},"footnotes":""},"class_list":["post-9","page","type-page","status-publish","hentry"],"_links":{"self":[{"href":"https:\/\/www.biosete.com.br\/site\/wp-json\/wp\/v2\/pages\/9"}],"collection":[{"href":"https:\/\/www.biosete.com.br\/site\/wp-json\/wp\/v2\/pages"}],"about":[{"href":"https:\/\/www.biosete.com.br\/site\/wp-json\/wp\/v2\/types\/page"}],"author":[{"embeddable":true,"href":"https:\/\/www.biosete.com.br\/site\/wp-json\/wp\/v2\/users\/1"}],"replies":[{"embeddable":true,"href":"https:\/\/www.biosete.com.br\/site\/wp-json\/wp\/v2\/comments?post=9"}],"version-history":[{"count":150,"href":"https:\/\/www.biosete.com.br\/site\/wp-json\/wp\/v2\/pages\/9\/revisions"}],"predecessor-version":[{"id":1329,"href":"https:\/\/www.biosete.com.br\/site\/wp-json\/wp\/v2\/pages\/9\/revisions\/1329"}],"wp:attachment":[{"href":"https:\/\/www.biosete.com.br\/site\/wp-json\/wp\/v2\/media?parent=9"}],"curies":[{"name":"wp","href":"https:\/\/api.w.org\/{rel}","templated":true}]}}