{"id":745,"date":"2020-08-28T16:31:49","date_gmt":"2020-08-28T19:31:49","guid":{"rendered":"http:\/\/www.biosete.com.br\/site\/?page_id=745"},"modified":"2023-10-25T17:49:16","modified_gmt":"2023-10-25T20:49:16","slug":"biosete-clinicas","status":"publish","type":"page","link":"https:\/\/www.biosete.com.br\/site\/biosete-clinicas\/","title":{"rendered":"CL\u00cdNICAS"},"content":{"rendered":"<p><section data-kc-fullwidth=\"row\" class=\"kc-elm kc-css-521011 kc_row\"><div class=\"kc-row-container  kc-container\"><div class=\"kc-wrap-columns\"><div class=\"kc-elm kc-css-6847 kc_col-sm-12 kc_column kc_col-sm-12\"><div class=\"kc-col-container\"><div class=\"kc-elm kc-css-619000\" style=\"height: 20px; clear: both; width:100%;\"><\/div>\n<div class=\"kc-elm kc-css-517357 kc-title-wrap \">\n\n\t<h3 class=\"kc_title\">CL\u00cdNICAS<\/h3>\n<\/div>\n<div class=\"kc-elm kc-css-153160\" style=\"height: 20px; clear: both; width:100%;\"><\/div><\/div><\/div><\/div><\/div><\/section><section class=\"kc-elm kc-css-371790 kc_row\"><div class=\"kc-row-container  kc-container\"><div class=\"kc-wrap-columns\"><div class=\"kc-elm kc-css-158955 kc_col-sm-7 kc_column kc_col-sm-7\"><div class=\"kc-col-container\"><div class=\"kc-elm kc-css-172840\" style=\"height: 20px; clear: both; width:100%;\"><\/div><div class=\"kc-elm kc-css-124779 kc_text_block\"><\/p>\n<p>\n<span style=\"font-weight: 400;\">Uma ampla gama de modalidades que abrangem diversas \u00e1reas do tratamento fisioterap\u00eautico, atuando da preven\u00e7\u00e3o ao tratamento, desde procedimentos mais simples at\u00e9 \u00e0s t\u00e9cnicas mais modernas e atuais, proporcionando aos nossos clientes a aten\u00e7\u00e3o completa a cada necessidade espec\u00edfica.<\/span><\/p>\n<p>Nos 18 anos do Instituto Biosete estamos aperfei\u00e7oando nossos servi\u00e7os, incrementando a excel\u00eancia no atendimento assistencial, e integrando cada vez mais especialidades.<\/p>\n<p>Fruto desse esfor\u00e7o nasce o Biosete Cl\u00ednicas, atrav\u00e9s de uma nova estrutura, novos profissionais e novos servi\u00e7os, com o objetivo para trazer o que h\u00e1 de melhor melhor no cuidado com a sa\u00fade e bem-estar.<\/p>\n<p>Aqui no Biosete Cl\u00ednicas contamos com os seguintes servi\u00e7os:<\/p>\n<p>\n<\/div><div class=\"kc-elm kc-css-643519\" style=\"height: 20px; clear: both; width:100%;\"><\/div><div class=\"kc-elm kc-css-847454 kc_row kc_row_inner\"><div class=\"kc-elm kc-css-817214 kc_col-sm-6 kc_column_inner kc_col-sm-6\"><div class=\"kc_wrapper kc-col-inner-container\">\n<div class=\"kc-elm kc-css-467587 kc-pro-button kc-button-main\">\n\t<a href=\"https:\/\/www.biosete.com.br\/site\/endocrinologista\/\">\n\t\t<span class=\"creative_title\">ENDOCRINOLOGISTA<\/span>\t<\/a>\n<\/div>\n<div class=\"kc-elm kc-css-487884\" style=\"height: 20px; clear: both; width:100%;\"><\/div>\n<div class=\"kc-elm kc-css-86984 kc-pro-button kc-button-main\">\n\t<a href=\"https:\/\/www.biosete.com.br\/site\/nutricao\/\">\n\t\t<span class=\"creative_title\">Nutri\u00e7\u00e3o<\/span>\t<\/a>\n<\/div>\n<div class=\"kc-elm kc-css-175019\" style=\"height: 20px; clear: both; width:100%;\"><\/div>\n<div class=\"kc-elm kc-css-273878 kc-pro-button kc-button-main\">\n\t<a href=\"https:\/\/www.biosete.com.br\/site\/reumatologia\/\">\n\t\t<span class=\"creative_title\">Reumatologia<\/span>\t<\/a>\n<\/div>\n<div class=\"kc-elm kc-css-453261\" style=\"height: 20px; clear: both; width:100%;\"><\/div><\/div><\/div><div class=\"kc-elm kc-css-173260 kc_col-sm-6 kc_column_inner kc_col-sm-6\"><div class=\"kc_wrapper kc-col-inner-container\">\n<div class=\"kc-elm kc-css-580905 kc-pro-button kc-button-main\">\n\t<a href=\"https:\/\/www.biosete.com.br\/site\/dermatofuncional\/\">\n\t\t<span class=\"creative_title\">Est\u00e9tica e Bem-Estar<\/span>\t<\/a>\n<\/div>\n<div class=\"kc-elm kc-css-233208\" style=\"height: 20px; clear: both; width:100%;\"><\/div>\n<div class=\"kc-elm kc-css-888388 kc-pro-button kc-button-main\">\n\t<a href=\"https:\/\/www.biosete.com.br\/site\/neurocirurgia\/\">\n\t\t<span class=\"creative_title\">Neurocirurgia<\/span>\t<\/a>\n<\/div>\n<div class=\"kc-elm kc-css-257720\" style=\"height: 20px; clear: both; width:100%;\"><\/div>\n<div class=\"kc-elm kc-css-847635 kc-pro-button kc-button-main\">\n\t<a href=\"https:\/\/www.biosete.com.br\/site\/ortopedia\/\">\n\t\t<span class=\"creative_title\">Ortopedia e Traumatologia<\/span>\t<\/a>\n<\/div>\n<div class=\"kc-elm kc-css-215384\" style=\"height: 20px; clear: both; width:100%;\"><\/div>\n<div class=\"kc-elm kc-css-809891 kc-pro-button kc-button-main\">\n\t<a href=\"https:\/\/www.biosete.com.br\/site\/saude-mental\/\">\n\t\t<span class=\"creative_title\">Sa\u00fade Mental<\/span>\t<\/a>\n<\/div>\n<div class=\"kc-elm kc-css-852648\" style=\"height: 20px; clear: both; width:100%;\"><\/div><\/div><\/div><\/div><div class=\"kc-elm kc-css-23134\" style=\"height: 20px; clear: both; width:100%;\"><\/div><div class=\"kc-elm kc-css-75639 kc_row kc_row_inner\"><div class=\"kc-elm kc-css-50529 kc_col-sm-12 kc_column_inner kc_col-sm-12\"><div class=\"kc_wrapper kc-col-inner-container\">\n\n<div class=\"image_fadein_slider kc-elm kc-css-33330 \">\n\t\t<div data-delay=\"3000\" class=\"image_fadein\" data-images=\"756,757,758,759,760,761\">\n\t<img decoding=\"async\" src=\"https:\/\/www.biosete.com.br\/site\/wp-content\/uploads\/2020\/08\/Biosete-Clinicas-2.jpeg\" \/><img decoding=\"async\" src=\"https:\/\/www.biosete.com.br\/site\/wp-content\/uploads\/2020\/08\/Biosete-Clinicas-3.jpeg\" \/><img decoding=\"async\" src=\"https:\/\/www.biosete.com.br\/site\/wp-content\/uploads\/2020\/08\/Biosete-Clinicas-4.jpeg\" \/><img decoding=\"async\" src=\"https:\/\/www.biosete.com.br\/site\/wp-content\/uploads\/2020\/08\/Biosete-Clinicas-5.jpeg\" \/><img decoding=\"async\" src=\"https:\/\/www.biosete.com.br\/site\/wp-content\/uploads\/2020\/08\/Biosete-Clinicas-6.jpeg\" \/><img decoding=\"async\" src=\"https:\/\/www.biosete.com.br\/site\/wp-content\/uploads\/2020\/08\/Biosete-Clinicas-7.jpeg\" \/>\t<\/div>\n<\/div>\n<\/div><\/div><\/div><\/div><\/div><div class=\"kc-elm kc-css-699683 kc_col-sm-5 kc_column kc_col-sm-5\"><div class=\"kc-col-container\"><div class=\"kc-elm kc-css-714037\" style=\"height: 20px; clear: both; width:100%;\"><\/div><\/div><\/div><\/div><\/div><\/section><section class=\"kc-elm kc-css-142056 kc_row\"><div class=\"kc-row-container  kc-container\"><div class=\"kc-wrap-columns\"><div class=\"kc-elm kc-css-493087 kc_col-sm-12 kc_column kc_col-sm-12\"><div class=\"kc-col-container\"><\/div><\/div><\/div><\/div><\/section><\/p>\n","protected":false},"excerpt":{"rendered":"","protected":false},"author":1,"featured_media":0,"parent":0,"menu_order":0,"comment_status":"closed","ping_status":"closed","template":"","meta":{"two_page_speed":[],"footnotes":""},"class_list":["post-745","page","type-page","status-publish","hentry"],"_links":{"self":[{"href":"https:\/\/www.biosete.com.br\/site\/wp-json\/wp\/v2\/pages\/745"}],"collection":[{"href":"https:\/\/www.biosete.com.br\/site\/wp-json\/wp\/v2\/pages"}],"about":[{"href":"https:\/\/www.biosete.com.br\/site\/wp-json\/wp\/v2\/types\/page"}],"author":[{"embeddable":true,"href":"https:\/\/www.biosete.com.br\/site\/wp-json\/wp\/v2\/users\/1"}],"replies":[{"embeddable":true,"href":"https:\/\/www.biosete.com.br\/site\/wp-json\/wp\/v2\/comments?post=745"}],"version-history":[{"count":74,"href":"https:\/\/www.biosete.com.br\/site\/wp-json\/wp\/v2\/pages\/745\/revisions"}],"predecessor-version":[{"id":1368,"href":"https:\/\/www.biosete.com.br\/site\/wp-json\/wp\/v2\/pages\/745\/revisions\/1368"}],"wp:attachment":[{"href":"https:\/\/www.biosete.com.br\/site\/wp-json\/wp\/v2\/media?parent=745"}],"curies":[{"name":"wp","href":"https:\/\/api.w.org\/{rel}","templated":true}]}}