{"id":222,"date":"2018-11-05T19:42:12","date_gmt":"2018-11-05T21:42:12","guid":{"rendered":"http:\/\/www.biosete.com.br\/site\/?page_id=222"},"modified":"2021-09-23T16:41:15","modified_gmt":"2021-09-23T19:41:15","slug":"neuro","status":"publish","type":"page","link":"https:\/\/www.biosete.com.br\/site\/neuro\/","title":{"rendered":"Neuro"},"content":{"rendered":"<p><section data-kc-fullwidth=\"row\" class=\"kc-elm kc-css-986490 kc_row\"><div class=\"kc-row-container  kc-container\"><div class=\"kc-wrap-columns\"><div class=\"kc-elm kc-css-610041 kc_col-sm-12 kc_column kc_col-sm-12\"><div class=\"kc-col-container\"><div class=\"kc-elm kc-css-57025\" style=\"height: 20px; clear: both; width:100%;\"><\/div>\n<div class=\"kc-elm kc-css-896427 kc-title-wrap \">\n\n\t<h3 class=\"kc_title\">NEURO<\/h3>\n<\/div>\n<div class=\"kc-elm kc-css-561300\" style=\"height: 20px; clear: both; width:100%;\"><\/div><\/div><\/div><\/div><\/div><\/section><section class=\"kc-elm kc-css-276130 kc_row\"><div class=\"kc-row-container  kc-container\"><div class=\"kc-wrap-columns\"><div class=\"kc-elm kc-css-515721 kc_col-sm-6 kc_column kc_col-sm-6\"><div class=\"kc-col-container\"><div class=\"kc-elm kc-css-66387 kc_shortcode kc_single_image\">\n\n        <img decoding=\"async\" src=\"https:\/\/www.biosete.com.br\/site\/wp-content\/uploads\/2018\/12\/neuro-1.jpg\" class=\"\" alt=\"\" \/>    <\/div>\n<\/div><\/div><div class=\"kc-elm kc-css-420660 kc_col-sm-6 kc_column kc_col-sm-6\"><div class=\"kc-col-container\"><div class=\"kc-elm kc-css-844005\" style=\"height: 20px; clear: both; width:100%;\"><\/div><div class=\"kc-elm kc-css-413746 kc_text_block\"><\/p>\n<p>O Biosete Neuro \u00e9 um centro de Reabilita\u00e7\u00e3o Neurofuncional de refer\u00eancia no Esp\u00edrito Santo.<br \/>\nContamos com modernos equipamentos e profissionais altamente qualificados para realizar atendimentos de alto padr\u00e3o.<\/p>\n<p>Iniciamos nossa atua\u00e7\u00e3o com avalia\u00e7\u00f5es e exames complementares, para o diagn\u00f3stico funcional e para alinhar os objetivos entre profissional e paciente. Evolu\u00edmos com sess\u00f5es individuais e acompanhamento de equipe multidisciplinar pois temos como filosofia que o paciente deve ser visto como um todo e n\u00e3o de maneira segmentada.<\/p>\n<p>E, com o intuito de otimizar e complementar o tratamento, o Instituto Biosete conta com piscina aquecida e academia com excelente aparelhagem.<\/p>\n<p><strong style=\"font-style: inherit;\">\u00c1reas de atua\u00e7\u00e3o:<\/strong><\/p>\n<ul>\n<li>Fisioterapia Neuro-funcional<\/li>\n<li><span style=\"font-weight: 400;\">Psicologia<\/span><\/li>\n<li>Terapia Ocupacional<\/li>\n<li>Fonoaudiologia<\/li>\n<li>Fisioterapia Aqu\u00e1tica Neurol\u00f3gica<\/li>\n<\/ul>\n<p>\n<\/div>\n\t<div class=\"kc-elm kc-css-926834 kc_shortcode kc_video_play kc_video_wrapper\" data-video=\"https:\/\/www.youtube.com\/watch?v=FERBwNB1bM0\" data-width=\"600\" data-height=\"338.983050847\" data-fullwidth=\"\" data-autoplay=\"\" data-loop=\"yes\" data-control=\"yes\" data-related=\"\" data-showinfo=\"\" data-kc-video-mute=\"\">\n\t\t\t<\/div>\n\n<\/div><\/div><\/div><\/div><\/section><\/p>\n","protected":false},"excerpt":{"rendered":"","protected":false},"author":1,"featured_media":0,"parent":0,"menu_order":0,"comment_status":"closed","ping_status":"closed","template":"","meta":{"two_page_speed":[],"footnotes":""},"class_list":["post-222","page","type-page","status-publish","hentry"],"_links":{"self":[{"href":"https:\/\/www.biosete.com.br\/site\/wp-json\/wp\/v2\/pages\/222"}],"collection":[{"href":"https:\/\/www.biosete.com.br\/site\/wp-json\/wp\/v2\/pages"}],"about":[{"href":"https:\/\/www.biosete.com.br\/site\/wp-json\/wp\/v2\/types\/page"}],"author":[{"embeddable":true,"href":"https:\/\/www.biosete.com.br\/site\/wp-json\/wp\/v2\/users\/1"}],"replies":[{"embeddable":true,"href":"https:\/\/www.biosete.com.br\/site\/wp-json\/wp\/v2\/comments?post=222"}],"version-history":[{"count":24,"href":"https:\/\/www.biosete.com.br\/site\/wp-json\/wp\/v2\/pages\/222\/revisions"}],"predecessor-version":[{"id":1124,"href":"https:\/\/www.biosete.com.br\/site\/wp-json\/wp\/v2\/pages\/222\/revisions\/1124"}],"wp:attachment":[{"href":"https:\/\/www.biosete.com.br\/site\/wp-json\/wp\/v2\/media?parent=222"}],"curies":[{"name":"wp","href":"https:\/\/api.w.org\/{rel}","templated":true}]}}