{"id":1248,"date":"2022-06-15T19:22:47","date_gmt":"2022-06-15T22:22:47","guid":{"rendered":"https:\/\/www.biosete.com.br\/site\/?page_id=1248"},"modified":"2022-07-02T13:42:48","modified_gmt":"2022-07-02T16:42:48","slug":"endocrinologista","status":"publish","type":"page","link":"https:\/\/www.biosete.com.br\/site\/endocrinologista\/","title":{"rendered":"ENDOCRINOLOGISTA"},"content":{"rendered":"<p><section class=\"kc-elm kc-css-612661 kc_row\"><div class=\"kc-row-container  kc-container\"><div class=\"kc-wrap-columns\"><div class=\"kc-elm kc-css-867512 kc_col-sm-12 kc_column kc_col-sm-12\"><div class=\"kc-col-container\"><div class=\"kc-elm kc-css-971990\" style=\"height: 20px; clear: both; width:100%;\"><\/div>\n<div class=\"kc-elm kc-css-717007 kc-title-wrap \">\n\n\t<h3 class=\"kc_title\">ENDOCRINOLOGISTA<\/h3>\n<\/div>\n<div class=\"kc-elm kc-css-67159\" style=\"height: 20px; clear: both; width:100%;\"><\/div><\/div><\/div><\/div><\/div><\/section><section class=\"kc-elm kc-css-324992 kc_row\"><div class=\"kc-row-container  kc-container\"><div class=\"kc-wrap-columns\"><div class=\"kc-elm kc-css-624209 kc_col-sm-1 kc_column kc_col-sm-1\"><div class=\"kc-col-container\"><\/div><\/div><div class=\"kc-elm kc-css-712626 kc_col-sm-5 kc_column kc_col-sm-5\"><div class=\"kc-col-container\"><div class=\"kc-elm kc-css-239622 kc_shortcode kc_single_image\">\n\n        <img decoding=\"async\" src=\"https:\/\/www.biosete.com.br\/site\/wp-content\/uploads\/2022\/06\/ENDOCRINOLOGISTA_picture.jpg\" class=\"\" alt=\"\" \/>    <\/div>\n<\/div><\/div><div class=\"kc-elm kc-css-929644 kc_col-sm-4 kc_column kc_col-sm-4\"><div class=\"kc-col-container\"><div class=\"kc-elm kc-css-902334 kc_text_block\"><\/p>\n<p><span style=\"font-family: Montserrat, sans-serif; font-size: 14px;\">Nosso corpo possui horm\u00f4nios em constante atividade. Quando h\u00e1 qualquer altera\u00e7\u00e3o neles, o resultado pode ser bastante inc\u00f4modo e at\u00e9 grave para a sa\u00fade. Oscila\u00e7\u00f5es bruscas de peso, altera\u00e7\u00f5es \u00f3sseas, cansa\u00e7o excessivo, diminui\u00e7\u00e3o da libido, dores sem motivo aparente e at\u00e9 queda de cabelo, s\u00e3o alguns ind\u00edcios que pode haver algo de errado com os horm\u00f4nios. O endocrinologista \u00e9 o especialista que diagnostica, trata doen\u00e7as e promove a preven\u00e7\u00e3o dos males relacionados com os horm\u00f4nios e o metabolismo.<\/span><\/p>\n<p>\n<\/div><\/div><\/div><div class=\"kc-elm kc-css-828339 kc_col-sm-1 kc_column kc_col-sm-1\"><div class=\"kc-col-container\"><\/div><\/div><\/div><\/div><\/section><section class=\"kc-elm kc-css-705465 kc_row\"><div class=\"kc-row-container  kc-container\"><div class=\"kc-wrap-columns\"><div class=\"kc-elm kc-css-828738 kc_col-sm-12 kc_column kc_col-sm-12\"><div class=\"kc-col-container\"><div class=\"kc-elm kc-css-117195\" style=\"height: 50px; clear: both; width:100%;\"><\/div>\n<div class=\"kc-elm kc-css-502137 kc-title-wrap \">\n\n\t<h3 class=\"kc_title\">DRA. JANNINI VALLI<\/h3>\n<\/div>\n<div class=\"kc-elm kc-css-201966\" style=\"height: 20px; clear: both; width:100%;\"><\/div><\/div><\/div><\/div><\/div><\/section><section class=\"kc-elm kc-css-942278 kc_row\"><div class=\"kc-row-container  kc-container\"><div class=\"kc-wrap-columns\"><div class=\"kc-elm kc-css-831239 kc_col-of-5 kc_column kc_col-of-5\"><div class=\"kc-col-container\"><\/div><\/div><div class=\"kc-elm kc-css-888587 kc_col-sm-4 kc_column kc_col-sm-4\"><div class=\"kc-col-container\"><div class=\"kc-elm kc-css-376844 kc_text_block\"><\/p>\n<p><span style=\"font-family: Montserrat, sans-serif; font-size: 14px;\">A Dra. Jannini Valli \u00e9 endocrinologista e atende aqui no Instituto Biosete.<\/span><\/p>\n<p><span style=\"font-family: Montserrat, sans-serif; font-size: 14px;\">Formada em Medicina pela\u00a0Universidade Federal do Esp\u00edrito Santo (2015), fez\u00a0Resid\u00eancia em Cl\u00ednica M\u00e9dica no\u00a0Complexo Hospitalar Padre Bento de Guarulhos (2018) e\u00a0Resid\u00eancia em Endocrinologia e Metabologia no\u00a0Hospital Santa Marcelina (2021).<\/span><\/p>\n<p><span style=\"font-family: Montserrat, sans-serif; font-size: 14px;\">Atua no tratamento de dist\u00farbios endocrinol\u00f3gicos em geral, com \u00eanfase em diabetes, obesidade, doen\u00e7as tireoidianas e metabolismo lip\u00eddico.<\/span><\/p>\n<p><span style=\"font-family: Montserrat, sans-serif; font-size: 14px;\">Contato:<\/span><\/p>\n<ul class=\"contact_details\">\n<li class=\"phone\"><span style=\"font-family: Montserrat, sans-serif; font-size: 14px;\"><a href=\"tel:+55273026-0020\">+55 27 3026-0020<\/a><\/span><\/li>\n<li class=\"phone\"><span style=\"font-family: Montserrat, sans-serif; font-size: 14px;\"><a href=\"https:\/\/www.instagram.com\/jannini.endocrino\/\">Instagram<\/a><\/span><\/li>\n<\/ul>\n<p>\n<\/div><\/div><\/div><div class=\"kc-elm kc-css-676098 kc_col-sm-4 kc_column kc_col-sm-4\"><div class=\"kc-col-container\"><div class=\"kc-elm kc-css-783389 kc_shortcode kc_single_image\">\n\n        <img decoding=\"async\" src=\"https:\/\/www.biosete.com.br\/site\/wp-content\/uploads\/2022\/06\/Cl\u00ednicas_Jannini_Valli.png\" class=\"\" alt=\"\" \/>    <\/div>\n<\/div><\/div><div class=\"kc-elm kc-css-669632 kc_col-of-5 kc_column kc_col-of-5\"><div class=\"kc-col-container\"><\/div><\/div><\/div><\/div><\/section><section class=\"kc-elm kc-css-161338 kc_row\"><div class=\"kc-row-container  kc-container\"><div class=\"kc-wrap-columns\"><div class=\"kc-elm kc-css-307939 kc_col-sm-12 kc_column kc_col-sm-12\"><div class=\"kc-col-container\"><div class=\"kc-elm kc-css-373303\" style=\"height: 20px; clear: both; width:100%;\"><\/div><div class=\"kc-elm kc-css-547160\" style=\"height: 20px; clear: both; width:100%;\"><\/div><div class=\"kc-elm kc-css-422467 kc-icon-wrapper\">\n\t\t<a href=\"http:\/\/www.biosete.com.br\/site\/biosete-clinicas\/\" target=\"_self\" title=\"\">\n\t\t<i class=\"fa-chevron-circle-left\"><\/i>\n\t\t<\/a>\n\t<\/div>\n<div class=\"kc-elm kc-css-503919\" style=\"height: 20px; clear: both; width:100%;\"><\/div><\/div><\/div><\/div><\/div><\/section><\/p>\n","protected":false},"excerpt":{"rendered":"","protected":false},"author":1,"featured_media":0,"parent":0,"menu_order":0,"comment_status":"closed","ping_status":"closed","template":"","meta":{"two_page_speed":[],"footnotes":""},"class_list":["post-1248","page","type-page","status-publish","hentry"],"_links":{"self":[{"href":"https:\/\/www.biosete.com.br\/site\/wp-json\/wp\/v2\/pages\/1248"}],"collection":[{"href":"https:\/\/www.biosete.com.br\/site\/wp-json\/wp\/v2\/pages"}],"about":[{"href":"https:\/\/www.biosete.com.br\/site\/wp-json\/wp\/v2\/types\/page"}],"author":[{"embeddable":true,"href":"https:\/\/www.biosete.com.br\/site\/wp-json\/wp\/v2\/users\/1"}],"replies":[{"embeddable":true,"href":"https:\/\/www.biosete.com.br\/site\/wp-json\/wp\/v2\/comments?post=1248"}],"version-history":[{"count":12,"href":"https:\/\/www.biosete.com.br\/site\/wp-json\/wp\/v2\/pages\/1248\/revisions"}],"predecessor-version":[{"id":1297,"href":"https:\/\/www.biosete.com.br\/site\/wp-json\/wp\/v2\/pages\/1248\/revisions\/1297"}],"wp:attachment":[{"href":"https:\/\/www.biosete.com.br\/site\/wp-json\/wp\/v2\/media?parent=1248"}],"curies":[{"name":"wp","href":"https:\/\/api.w.org\/{rel}","templated":true}]}}